{"id":226,"date":"2021-05-18T11:03:45","date_gmt":"2021-05-18T11:03:45","guid":{"rendered":"https:\/\/aromarmusicadanza.com\/?page_id=226"},"modified":"2022-05-27T07:46:21","modified_gmt":"2022-05-27T07:46:21","slug":"contacto","status":"publish","type":"page","link":"https:\/\/aromarmusicadanza.com\/index.php\/contacto\/","title":{"rendered":"CONTACTO"},"content":{"rendered":"\n<div class=\"wp-block-columns is-layout-flex wp-container-core-columns-is-layout-9d6595d7 wp-block-columns-is-layout-flex\">\n<div class=\"wp-block-column is-layout-flow wp-block-column-is-layout-flow\" style=\"flex-basis:100%\">\n<p class=\"has-normal-font-size\">Puedes contactar con&nbsp;nosotros&nbsp;en los tel\u00e9fonos&nbsp;que aparecen m\u00e1s abajo, escribiendo un correo electr\u00f3nico a&nbsp;<a href=\"mailto:aromarmusicadanza@gmail.com\"><strong>aromarmusicadanza@gmail.com<\/strong><\/a>, enviando el formulario de contacto de esta p\u00e1gina o a trav\u00e9s de nuestros perfiles en las redes sociales&nbsp;<a rel=\"noreferrer noopener\" href=\"https:\/\/es-es.facebook.com\/pg\/ConservatorioPrivadoProfesionalDanza\/posts\/\" target=\"_blank\"><strong>Facebook<\/strong><\/a>&nbsp;o <a rel=\"noreferrer noopener\" href=\"https:\/\/www.instagram.com\/aromar.danza\/?hl=es\" target=\"_blank\"><strong>Instragram<\/strong><\/a>.<\/p>\n\n\n\n<p>Tambi\u00e9n puedes <strong>enviarnos tu curriculum<\/strong> a <a href=\"mailto:aromarmusicadanza@gmail.com\"><strong>aromarmusicadanza@gmail.com<\/strong><\/a><\/p>\n\n\n<style>.wp-block-kadence-spacer.kt-block-spacer-_21e6a2-47 .kt-block-spacer{height:60px;}.wp-block-kadence-spacer.kt-block-spacer-_21e6a2-47 .kt-divider{border-top-width:1px;height:1px;border-top-color:#eee;width:80%;border-top-style:solid;}<\/style>\n<div class=\"wp-block-kadence-spacer aligncenter kt-block-spacer-_21e6a2-47\"><div class=\"kt-block-spacer kt-block-spacer-halign-center\"><hr class=\"kt-divider\"\/><\/div><\/div>\n\n\n\n<div class=\"wp-block-columns has-very-light-gray-background-color has-background is-layout-flex wp-container-core-columns-is-layout-9d6595d7 wp-block-columns-is-layout-flex\">\n<div class=\"wp-block-column is-vertically-aligned-top is-layout-flow wp-block-column-is-layout-flow\">\n<p class=\"has-text-align-center has-very-dark-gray-color has-text-color has-background has-medium-font-size\" style=\"background-color:#e0d4e7\"><strong>Conservatorio Profesional<br> de Danza Aromar<\/strong><\/p>\n\n\n\n<p class=\"has-text-align-center has-very-light-gray-background-color has-background\" style=\"font-size:14px\">C\/Lonja N\u00ba 3 C.P. 18690. Almu\u00f1\u00e9car (Granada)<\/p>\n\n\n\n<p class=\"has-text-align-center has-very-light-gray-background-color has-background\" style=\"font-size:14px\"><strong>aromarmusicadanza@gmail.com<\/strong><\/p>\n\n\n\n<p class=\"has-text-align-center has-very-light-gray-background-color has-background\" style=\"font-size:14px\">Tel\u00e9fonos: 958881425 &#8211; 687708162<\/p>\n\n\n\n<iframe src=\"https:\/\/www.google.com\/maps\/embed?pb=!1m18!1m12!1m3!1d3197.5406354905235!2d-3.691950484711994!3d36.73359217996231!2m3!1f0!2f0!3f0!3m2!1i1024!2i768!4f13.1!3m3!1m2!1s0xd71889a50391973%3A0x250159cee8096589!2sAROMAR%20CONSERVATORIO%20PRIVADO%20PROFESIONAL%20DE%20DANZA!5e0!3m2!1ses!2ses!4v1646989651209!5m2!1ses!2ses\" width=\"100%\" height=\"200\" style=\"border:0;\" allowfullscreen=\"\" loading=\"lazy\"><\/iframe>\n<\/div>\n\n\n\n<div class=\"wp-block-column is-vertically-aligned-top is-layout-flow wp-block-column-is-layout-flow\">\n<p class=\"has-text-align-center has-very-dark-gray-color has-text-color has-background has-medium-font-size\" style=\"background-color:#e0d4e7\"><strong>Escuela Municipal<br> de M\u00fasica y Danza<\/strong><\/p>\n\n\n\n<p class=\"has-text-align-center has-very-light-gray-background-color has-background\" style=\"font-size:14px\">C\/Baracoa S\/N C.P. 18690. Almu\u00f1\u00e9car (Granada)<\/p>\n\n\n\n<p class=\"has-text-align-center has-very-light-gray-background-color has-background\" style=\"font-size:14px\"><strong>aromarmusicadanza@gmail.com<\/strong><\/p>\n\n\n\n<p class=\"has-text-align-center has-very-light-gray-background-color has-background\" style=\"font-size:14px\">Tel\u00e9fonos: 958881425 &#8211; 683409861<\/p>\n\n\n\n<iframe src=\"https:\/\/www.google.com\/maps\/embed?pb=!1m18!1m12!1m3!1d1598.7699186704504!2d-3.684616789130779!3d36.733611343843435!2m3!1f0!2f0!3f0!3m2!1i1024!2i768!4f13.1!3m3!1m2!1s0xd71889866b63b99%3A0xbd808a8606d0c8a7!2sEscuela%20De%20M%C3%BAsica%20Y%20Danza%20De%20Almu%C3%B1ecar!5e0!3m2!1ses!2ses!4v1646993384329!5m2!1ses!2ses\" width=\"100%\" height=\"200\" style=\"border:0;\" allowfullscreen=\"\" loading=\"lazy\"><\/iframe>\n<\/div>\n<\/div>\n<\/div>\n<\/div>\n\n\n\n<p><\/p>\n\n\n\n<p><\/p>\n\n\n\n<p><strong>FORMULARIO DE CONTACTO<\/strong>:<\/p>\n\n\n<style>#kt-layout-id_379be3-f9 > .kt-row-column-wrap{align-content:start;}:where(#kt-layout-id_379be3-f9 > .kt-row-column-wrap) > .wp-block-kadence-column{justify-content:start;}#kt-layout-id_379be3-f9 > .kt-row-column-wrap{column-gap:var(--global-kb-gap-md, 2rem);row-gap:var(--global-kb-gap-md, 2rem);max-width:1140px;padding-top:var( --global-kb-row-default-top, 25px );padding-bottom:var( --global-kb-row-default-bottom, 25px );padding-top:0px;padding-bottom:85px;grid-template-columns:minmax(0, 1fr);}#kt-layout-id_379be3-f9 > .kt-row-layout-overlay{opacity:0.30;}@media all and (max-width: 1024px){#kt-layout-id_379be3-f9 > .kt-row-column-wrap{grid-template-columns:minmax(0, 1fr);}}@media all and (max-width: 767px){#kt-layout-id_379be3-f9 > .kt-row-column-wrap{grid-template-columns:minmax(0, 1fr);}}<\/style>\n<div class=\"wp-block-kadence-rowlayout alignnone\"><div id=\"kt-layout-id_379be3-f9\" class=\"kt-row-layout-inner kt-layout-id_379be3-f9\"><div class=\"kt-row-column-wrap kt-has-1-columns kt-gutter-default kt-v-gutter-default kt-row-valign-top kt-row-layout-equal kt-tab-layout-inherit kt-m-colapse-left-to-right kt-mobile-layout-row kb-theme-content-width\"><style>.kadence-column_32b6a3-97 > .kt-inside-inner-col{border-color:#fff;border-top-width:0px;border-right-width:0px;border-bottom-width:0px;border-left-width:0px;}.kadence-column_32b6a3-97 > .kt-inside-inner-col,.kadence-column_32b6a3-97 > .kt-inside-inner-col:before{border-top-left-radius:0px;border-top-right-radius:0px;border-bottom-right-radius:0px;border-bottom-left-radius:0px;}.kadence-column_32b6a3-97 > .kt-inside-inner-col{column-gap:var(--global-kb-gap-sm, 1rem);}.kadence-column_32b6a3-97 > .kt-inside-inner-col{flex-direction:column;}.kadence-column_32b6a3-97 > .kt-inside-inner-col > .aligncenter{width:100%;}.kadence-column_32b6a3-97 > .kt-inside-inner-col:before{opacity:0.3;}.kadence-column_32b6a3-97{position:relative;}@media all and (max-width: 1024px){.kadence-column_32b6a3-97 > .kt-inside-inner-col{flex-direction:column;justify-content:center;}}@media all and (max-width: 767px){.kadence-column_32b6a3-97 > .kt-inside-inner-col{flex-direction:column;justify-content:center;}}<\/style>\n<div class=\"wp-block-kadence-column inner-column-1 kadence-column_32b6a3-97\"><div class=\"kt-inside-inner-col\"><style>.kadence-form-_e83ef9-f2 .kb-form .kadence-blocks-form-field .kb-text-style-field, .kadence-form-_e83ef9-f2 .kb-form .kadence-blocks-form-field .kb-select-style-field{border-radius:6px;background:var(--global-palette9, #ffffff);border-color:#b5bec8;box-shadow:2px 2px 4px 0px rgba(0, 0, 0, 0.02);}.kadence-form-_e83ef9-f2 .kb-form .kadence-blocks-form-field .kb-text-style-field:focus, .kadence-form-_e83ef9-f2 .kb-form .kadence-blocks-form-field .kb-select-style-field:focus{box-shadow:2px 2px 4px 0px rgba(0, 0, 0, 0.06);}.kadence-form-_e83ef9-f2 .kb-form .kadence-blocks-form-field > label{color:var(--global-palette4, #2D3748);font-size:1em;}.kadence-form-_e83ef9-f2 .kb-form .kadence-blocks-form-field .kb-forms-submit{color:var(--global-palette7, #EDF2F7);border-radius:6px;background:var(--global-palette1, #3182CE);}.kadence-form-_e83ef9-f2 .kb-form .kadence-blocks-form-field .kb-forms-submit:hover, .kadence-form-_e83ef9-f2 .kb-form .kadence-blocks-form-field .kb-forms-submit:focus {color:var(--global-palette9, #ffffff);background:var(--global-palette2, #2B6CB0);}.kadence-form-_e83ef9-f2 .kb-form .kadence-blocks-form-field .kb-forms-submit{padding-top:12px;padding-right:40px;padding-bottom:12px;padding-left:40px;}.kadence-form-_e83ef9-f2 .kb-form .kadence-blocks-form-field .kb-forms-submit{font-size:20px;}.kb-form input.kadence-blocks-field.verify{opacity:0.0;position:absolute;top:0.0;left:0.0;width:0.0;height:0.0;z-index:-1;}<\/style>\n<div class=\"wp-block-kadence-form kadence-form-_e83ef9-f2 kb-form-wrap\"><form class=\"kb-form\" action=\"\" method=\"post\"><div class=\"kadence-blocks-form-field kb-field-desk-width-50 kb-input-size-standard\"><label for=\"kb_field__e83ef9-f2_0\">Nombre *<\/label><input name=\"kb_field_0\" id=\"kb_field__e83ef9-f2_0\" data-label=\"Nombre *\" type=\"text\" placeholder=\"\" value=\"\" data-type=\"text\" class=\"kb-field kb-text-style-field kb-text-field kb-field-0\" data-required=\"yes\"\/><\/div><div class=\"kadence-blocks-form-field kb-form-field-1 kb-field-desk-width-50 kb-input-size-standard\"><label for=\"kb_field__e83ef9-f2_1\">Apellidos<\/label><input name=\"kb_field_1\" id=\"kb_field__e83ef9-f2_1\" data-label=\"Apellidos\" type=\"text\" placeholder=\"\" value=\"\" data-type=\"text\" class=\"kb-field kb-text-style-field kb-text-field kb-field-1\"\/><\/div><div class=\"kadence-blocks-form-field kb-form-field-2 kb-field-desk-width-100 kb-input-size-standard\"><label for=\"kb_field__e83ef9-f2_2\">Email *<\/label><input name=\"kb_field_2\" id=\"kb_field__e83ef9-f2_2\" data-label=\"Email *\" type=\"email\" placeholder=\"\" value=\"\" data-type=\"email\" class=\"kb-field kb-text-style-field kb-email-field kb-field-2\" data-required=\"yes\"\/><\/div><div class=\"kadence-blocks-form-field kb-form-field-3 kb-field-desk-width-100 kb-input-size-standard\"><label for=\"kb_field__e83ef9-f2_3\">Consulta *<\/label><textarea name=\"kb_field_3\" id=\"kb_field__e83ef9-f2_3\" data-label=\"Consulta *\" type=\"textarea\" placeholder=\"\" data-type=\"textarea\" class=\"kb-field kb-text-style-field kb-textarea-field kb-field-3\" rows=\"4\"><\/textarea><\/div><div class=\"kadence-blocks-form-field kb-form-field-4 kb-field-desk-width-100 kb-input-size-standard kb-accept-form-field\"><input type=\"checkbox\" name=\"kb_field_4\" id=\"kb_field__e83ef9-f2_4\" class=\"kb-field kb-checkbox-style kb-accept\" value=\"accept\" data-type=\"accept\" data-required=\"yes\"\/><label for=\"kb_field__e83ef9-f2_4\">Acepto la pol\u00edtica de privacidad<\/label><\/div><input type=\"hidden\" name=\"_kb_form_id\" value=\"_e83ef9-f2\"\/><input type=\"hidden\" name=\"_kb_form_post_id\" value=\"226\"\/><input type=\"hidden\" name=\"action\" value=\"kb_process_ajax_submit\"\/><label class=\"kadence-verify-label\">Email<input class=\"kadence-blocks-field verify\" type=\"text\" name=\"_kb_verify_email\" autocomplete=\"new-password\" aria-hidden=\"true\" placeholder=\"Email\" tabindex=\"-1\" data-1p-ignore=\"true\" data-lpignore=\"true\" \/><\/label><div class=\"kadence-blocks-form-field kb-submit-field kb-field-desk-width-100\"><button class=\"kb-forms-submit button kb-button-size-custom kb-button-width-full\">Enviar<\/button><\/div><\/form><\/div>\n<noscript><div class=\"kadence-blocks-form-message kadence-blocks-form-warning\">Activar JavaScript en tu navegador para enviar el formulario<\/div><style>.kadence-form-_e83ef9-f2 .kadence-blocks-form-field.kb-submit-field { display: none; }<\/style><\/noscript><\/div><\/div>\n<\/div><\/div><\/div>\n","protected":false},"excerpt":{"rendered":"<p>Puedes contactar con&nbsp;nosotros&nbsp;en los tel\u00e9fonos&nbsp;que aparecen m\u00e1s abajo, escribiendo un correo electr\u00f3nico a&nbsp;aromarmusicadanza@gmail.com, enviando el formulario de contacto de esta p\u00e1gina o a trav\u00e9s de nuestros perfiles en las redes sociales&nbsp;Facebook&nbsp;o Instragram. Tambi\u00e9n puedes enviarnos tu curriculum a aromarmusicadanza@gmail.com Conservatorio &hellip; <a href=\"https:\/\/aromarmusicadanza.com\/index.php\/contacto\/\">Continuar<\/a><\/p>\n","protected":false},"author":1,"featured_media":0,"parent":0,"menu_order":0,"comment_status":"closed","ping_status":"closed","template":"page-contact.php","meta":{"kt_blocks_editor_width":"","footnotes":""},"class_list":["post-226","page","type-page","status-publish","hentry"],"yoast_head":"<!-- This site is optimized with the Yoast SEO plugin v26.9 - https:\/\/yoast.com\/product\/yoast-seo-wordpress\/ -->\n<title>CONTACTO - AROMAR<\/title>\n<meta name=\"robots\" content=\"index, follow, max-snippet:-1, max-image-preview:large, max-video-preview:-1\" \/>\n<link rel=\"canonical\" href=\"https:\/\/aromarmusicadanza.com\/index.php\/contacto\/\" \/>\n<meta property=\"og:locale\" content=\"es_ES\" \/>\n<meta property=\"og:type\" content=\"article\" \/>\n<meta property=\"og:title\" content=\"CONTACTO - AROMAR\" \/>\n<meta property=\"og:description\" content=\"Puedes contactar con&nbsp;nosotros&nbsp;en los tel\u00e9fonos&nbsp;que aparecen m\u00e1s abajo, escribiendo un correo electr\u00f3nico a&nbsp;aromarmusicadanza@gmail.com, enviando el formulario de contacto de esta p\u00e1gina o a trav\u00e9s de nuestros perfiles en las redes sociales&nbsp;Facebook&nbsp;o Instragram. Tambi\u00e9n puedes enviarnos tu curriculum a aromarmusicadanza@gmail.com Conservatorio &hellip; Continuar\" \/>\n<meta property=\"og:url\" content=\"https:\/\/aromarmusicadanza.com\/index.php\/contacto\/\" \/>\n<meta property=\"og:site_name\" content=\"AROMAR\" \/>\n<meta property=\"article:modified_time\" content=\"2022-05-27T07:46:21+00:00\" \/>\n<meta name=\"twitter:card\" content=\"summary_large_image\" \/>\n<meta name=\"twitter:label1\" content=\"Tiempo de lectura\" \/>\n\t<meta name=\"twitter:data1\" content=\"1 minuto\" \/>\n<script type=\"application\/ld+json\" class=\"yoast-schema-graph\">{\"@context\":\"https:\/\/schema.org\",\"@graph\":[{\"@type\":\"WebPage\",\"@id\":\"https:\/\/aromarmusicadanza.com\/index.php\/contacto\/\",\"url\":\"https:\/\/aromarmusicadanza.com\/index.php\/contacto\/\",\"name\":\"CONTACTO - AROMAR\",\"isPartOf\":{\"@id\":\"https:\/\/aromarmusicadanza.com\/#website\"},\"datePublished\":\"2021-05-18T11:03:45+00:00\",\"dateModified\":\"2022-05-27T07:46:21+00:00\",\"breadcrumb\":{\"@id\":\"https:\/\/aromarmusicadanza.com\/index.php\/contacto\/#breadcrumb\"},\"inLanguage\":\"es\",\"potentialAction\":[{\"@type\":\"ReadAction\",\"target\":[\"https:\/\/aromarmusicadanza.com\/index.php\/contacto\/\"]}]},{\"@type\":\"BreadcrumbList\",\"@id\":\"https:\/\/aromarmusicadanza.com\/index.php\/contacto\/#breadcrumb\",\"itemListElement\":[{\"@type\":\"ListItem\",\"position\":1,\"name\":\"Portada\",\"item\":\"https:\/\/aromarmusicadanza.com\/\"},{\"@type\":\"ListItem\",\"position\":2,\"name\":\"CONTACTO\"}]},{\"@type\":\"WebSite\",\"@id\":\"https:\/\/aromarmusicadanza.com\/#website\",\"url\":\"https:\/\/aromarmusicadanza.com\/\",\"name\":\"AROMAR\",\"description\":\"\",\"alternateName\":\"Escuela municipal de m\u00fasica Almu\u00f1ecar\",\"potentialAction\":[{\"@type\":\"SearchAction\",\"target\":{\"@type\":\"EntryPoint\",\"urlTemplate\":\"https:\/\/aromarmusicadanza.com\/?s={search_term_string}\"},\"query-input\":{\"@type\":\"PropertyValueSpecification\",\"valueRequired\":true,\"valueName\":\"search_term_string\"}}],\"inLanguage\":\"es\"}]}<\/script>\n<!-- \/ Yoast SEO plugin. -->","yoast_head_json":{"title":"CONTACTO - AROMAR","robots":{"index":"index","follow":"follow","max-snippet":"max-snippet:-1","max-image-preview":"max-image-preview:large","max-video-preview":"max-video-preview:-1"},"canonical":"https:\/\/aromarmusicadanza.com\/index.php\/contacto\/","og_locale":"es_ES","og_type":"article","og_title":"CONTACTO - AROMAR","og_description":"Puedes contactar con&nbsp;nosotros&nbsp;en los tel\u00e9fonos&nbsp;que aparecen m\u00e1s abajo, escribiendo un correo electr\u00f3nico a&nbsp;aromarmusicadanza@gmail.com, enviando el formulario de contacto de esta p\u00e1gina o a trav\u00e9s de nuestros perfiles en las redes sociales&nbsp;Facebook&nbsp;o Instragram. Tambi\u00e9n puedes enviarnos tu curriculum a aromarmusicadanza@gmail.com Conservatorio &hellip; Continuar","og_url":"https:\/\/aromarmusicadanza.com\/index.php\/contacto\/","og_site_name":"AROMAR","article_modified_time":"2022-05-27T07:46:21+00:00","twitter_card":"summary_large_image","twitter_misc":{"Tiempo de lectura":"1 minuto"},"schema":{"@context":"https:\/\/schema.org","@graph":[{"@type":"WebPage","@id":"https:\/\/aromarmusicadanza.com\/index.php\/contacto\/","url":"https:\/\/aromarmusicadanza.com\/index.php\/contacto\/","name":"CONTACTO - AROMAR","isPartOf":{"@id":"https:\/\/aromarmusicadanza.com\/#website"},"datePublished":"2021-05-18T11:03:45+00:00","dateModified":"2022-05-27T07:46:21+00:00","breadcrumb":{"@id":"https:\/\/aromarmusicadanza.com\/index.php\/contacto\/#breadcrumb"},"inLanguage":"es","potentialAction":[{"@type":"ReadAction","target":["https:\/\/aromarmusicadanza.com\/index.php\/contacto\/"]}]},{"@type":"BreadcrumbList","@id":"https:\/\/aromarmusicadanza.com\/index.php\/contacto\/#breadcrumb","itemListElement":[{"@type":"ListItem","position":1,"name":"Portada","item":"https:\/\/aromarmusicadanza.com\/"},{"@type":"ListItem","position":2,"name":"CONTACTO"}]},{"@type":"WebSite","@id":"https:\/\/aromarmusicadanza.com\/#website","url":"https:\/\/aromarmusicadanza.com\/","name":"AROMAR","description":"","alternateName":"Escuela municipal de m\u00fasica Almu\u00f1ecar","potentialAction":[{"@type":"SearchAction","target":{"@type":"EntryPoint","urlTemplate":"https:\/\/aromarmusicadanza.com\/?s={search_term_string}"},"query-input":{"@type":"PropertyValueSpecification","valueRequired":true,"valueName":"search_term_string"}}],"inLanguage":"es"}]}},"_links":{"self":[{"href":"https:\/\/aromarmusicadanza.com\/index.php\/wp-json\/wp\/v2\/pages\/226","targetHints":{"allow":["GET"]}}],"collection":[{"href":"https:\/\/aromarmusicadanza.com\/index.php\/wp-json\/wp\/v2\/pages"}],"about":[{"href":"https:\/\/aromarmusicadanza.com\/index.php\/wp-json\/wp\/v2\/types\/page"}],"author":[{"embeddable":true,"href":"https:\/\/aromarmusicadanza.com\/index.php\/wp-json\/wp\/v2\/users\/1"}],"replies":[{"embeddable":true,"href":"https:\/\/aromarmusicadanza.com\/index.php\/wp-json\/wp\/v2\/comments?post=226"}],"version-history":[{"count":26,"href":"https:\/\/aromarmusicadanza.com\/index.php\/wp-json\/wp\/v2\/pages\/226\/revisions"}],"predecessor-version":[{"id":573,"href":"https:\/\/aromarmusicadanza.com\/index.php\/wp-json\/wp\/v2\/pages\/226\/revisions\/573"}],"wp:attachment":[{"href":"https:\/\/aromarmusicadanza.com\/index.php\/wp-json\/wp\/v2\/media?parent=226"}],"curies":[{"name":"wp","href":"https:\/\/api.w.org\/{rel}","templated":true}]}}